alculate 106 - (156 - -148) - -120.
-78
Calculate -9 + (25 - (-5 - -14) - -7) + -44.
-30
What is 13 - (108 - (46 + 33))?
-16
What is (-4 - (2 + -1)) + (63 - (219 + -169)) - -30?
38
50 + 24 + (-44 - -32) + -10
52
Evaluate 11 - 3 - (4 + -24).
28
(-4 - (10 - 7 - 8) - (9 + 0)) + 6
-2
Evaluate 42 - (22 - -92) - 10.
-82
Evaluate (102 - (31 + -36 + 3)) + -14.
90
Evaluate -66 + (92 - (142 + -60)) + (0 - (0 - 1)).
-55
Evaluate 10 - (94 + -53) - (-5 - 79).
53
What is 25 + -21 + -16 + 7 + 4?
-1
Calculate (-11 - 1) + (-78 + -24 + 56 - (-26 - -3)).
-35
What is the value of (-35 - -8) + 7 + 5 - 15?
-30
Evaluate (43 - (-16 - -51)) + 31.
39
What is the value of -49 + (54 + -9 - 16)?
-20
Evaluate (-1120 - -1100) + 139 + -4 + (0 - -6).
121
Calculate -33 + -26 + (-1 - (-6 - -1)) + 14.
-41
What is the value of -73 + 1 + (26 - (-27 + 84)) + 9?
-94
Evaluate 3 + (1 - -4) + (-1 - -4) + -48 - 9.
-46
-12 + -11 - (0 - 1 - (-9 - -20))
-11
Calculate -23 + 115 + -28 + -33.
31
Calculate 13 - 12 - ((-18 - 3 - 0) + 1).
21
(-3 - -13) + 5 + -6 + -8 + 0 + -2
-1
What is (-30 - -15 - (4 - 4)) + (2 - -8)?
-5
What is the value of 90 - (4 + (-15 - ((-28 - -11) + 1)))?
85
Evaluate -4 + -2 + -71 + -27 + (-16 + 8 - -19).
-93
4344 - 4324 - ((-1 - 0) + 3 - -3)
15
What is 4 + 0 + -8 - (-9 - (0 + 3))?
8
What is the value of -216 + 202 - (-4 - ((-3 - -56) + 5))?
48
What is 10 + 13 - (-75 + 116)?
-18
What is the value of (-8 + (-3 - (1 + -2)) - (-146 + 139)) + 23?
20
What is the value of 8 + 29 + 16 - 36?
17
What is 1332 + -1236 + -30 + 1 - -32?
99
Calculate 6 - (-5 + -1 - -23) - (3 + -52).
38
Evaluate -5 + 0 + -5 - 2 - (21 - 1).
-32
(9 - (42 + -21)) + 16 + -109 + 1
-104
What is the value of 4 + 20 + -772 + 709?
-39
Evaluate -3 + 2 + (-64 - -55) + 0 + 5.
-5
What is the value of -44 + 75 - (-52 + 41)?
42
What is 0 - -6 - (42 + (-57 - -32))?
-11
Calculate 28 + -5 - (29 + -18 + -32).
44
(-1 - (21 + -35)) + 20
33
-52 - (49 + (-13 - 84))
-4
Evaluate 24 + 45 + (31 - -14).
114
Calculate -34 - (35 - 74 - 25).
30
What is the value of 4 + 1 + (-55 - -29) - 17?
-38
What is (-7 - (-18 + 25)) + (73 - 20)?
39
What is the value of 5 + 96 + -81 + -65?
-45
Evaluate (-2 - ((0 - 6) + (-1 - -3)) - -27) + 10.
39
Calculate (-74 - -2) + 112 - 17.
23
Calculate -7 + (-1 + 26 - -4) + 9.
31
What is (0 - -13) + (25 - -68) + -79?
27
What is the value of -8 - (-47 - -58) - ((-6 - -25) + 6)?
-44
What is the value of (-4 + 5 - (0 + -2)) + (84 - 47)?
40
Evaluate (104 - (-97 + 86)) + -30.
85
Evaluate (0 - 31) + 10 + (2 - 8).
-27
Evaluate -75 - (-27 - (-12 + 2)).
-58
What is 1 + -12 + 17 - (-5 + -1 + -3)?
15
11 + -1 + (-18 - 34 - (4 + -11 + -1))
-34
What is (31 - 48 - -17) + (0 - -9) - 14?
-5
What is 8 - -13 - (-20 - -15) - (-8 + -6)?
40
What is 10 - (-36 + 59 + -44)?
31
(6 - -1 - ((20 - 9) + 10)) + 70 - 3
53
58 + 43 + -123 - 43
-65
Evaluate -25 + (34 - (12 + 0)).
-3
(-7 - 15) + 36 + -25 + 31
20
Evaluate -1984 + 2042 + (4 - 1).
61
What is (-8 - 14) + -13 + 8?
-27
What is the value of 1 + 2 + 590 + -563 + 0 + 15?
45
Evaluate -32 + 17 + 108 - (24 + -8).
77
-35 - -41 - (-4 + 9 + -4 + 1)
4
What is the value of 0 + 5 - (-1 + -11 + (-19 - -17) + -55)?
74
What is (6302 - 6263) + (-11 - -1 - 1) - 3?
25
Evaluate -4 + 4 + (0 - 1) + 58 - (6852 - 6845).
50
What is the value of -60 + -11 + 9 - (-5 - (2 + -1))?
-56
Evaluate (0 - 52) + (5 - 4) + (-34 - -26) + 9.
-50
What is (4 - -2) + (129 - 176) - (1 - 10)?
-32
2 - -38 - (-1239 - -1246)
33
What is the value of 26 - (-26 + (-21 - 48)) - (2 + 11 + 0)?
108
-13 + (0 + 1 - (-38 + 15 + 5))
6
What is the value of -323 + 324 + (-1 - (1 + 5)) + (43 - 5)?
32
What is the value of 114 + -170 + (-2 - 6)?
-64
What is (5 - 6) + (28 - 39) + 36?
24
Evaluate 0 - -21 - (102 - (104 + -47)).
-24
-2 + (-84 - -3) - (-2456 - -2434)
-61
Evaluate 56 - ((3 - (9 + -17 + -6)) + -3).
42
What is -121 + 35 + (6 - (1 - (-4 - -3)))?
-82
Evaluate -14 + -21 + 16 + (-1 - -5) + (12 - 10).
-13
Evaluate -47 + (33 - 11) - -22 - (4 + -5).
-2
Calculate (-5 - (6 - 19)) + 20 + (-1 - 1).
26
-5 + (38 - 22) + -9 + 0 + -1
1
Evaluate (-2 + 8 - (-21 - -40)) + (-2 - 0) + 2.
-13
Evaluate 103 + 0 + 42 + -9 + -34.
102
Calculate 19 + -14 + -46 + -62.
-103
Evaluate (1 - 56) + 19 + -41 + 37 + -11.
-51
What is the value of (10 + -35 - -42) + 2 + -3 + 11 + -10?
17
-2 - (-20 + 1) - (5422 - 5370)
-35
(192 - 425 - -189) + (-68 - 1)
-113
What is the value of (38 + 7 - 11) + 7 + 39 + -27?
53
Evaluate (-40 + -1 + 105 - 79) + -1 + -1 + 5.
-12
Calculate -40124 + 40192 - (28 - -1).
39
What is the value of 31 + -52 - (3 + -19 + -54)?
49
What is the value of -2236 - -2198 - (-4 - 91)?
57
Calculate (-50 - (-59 - 11)) + -71.
-51
What is 58 - (-7 + (2 - -1) + 0 + -10)?
72
What is the value of 27 + (-42 + 59 - 30) - ((1 - -5) + 0)?
8
-12 + -4 + (-19 - (5 + 48) - -1)
-87
Evaluate (15 - (-10 - (1 + 9 - 26))) + 21.
30
What is 13 + 11 + 20 + 8 + -1?
51
Evaluate (-131 - (-10 - -6)) + 0 + -35 + 50.
-112
What is the value of 27 - -12 - (-29 + 49)?
19
Calculate 155 + (-63 + 44 - (6 + (-5 - -7) + -21)).
149
What is (-7 - -17) + 6 + -2 + -9 + 6 + 48?
59
What is (183 - (16 + 56)) + -69?
42
What is 6 + (-23 - (-21 + 15)) + -1 + 24?
12
Evaluate -56 + 31 + (-87 - -207 - (-2 + 1)).
96
(-18 - 1) + 1029 + -1019 + 68
59
What is -58 + 18 + 24 + (13 - (4 + -4))?
-3
Evaluate (-14 - 23 - (-81 - -29)) + (0 - -1 - -3).
19
(-244 + 98 - -93) + 87
34
Evaluate 5 - (-24 + (-3 + -1 - (-204 - -189))).
18
Calculate 38 + 1 - (-42 + 52 + 4).
25
What is -45 + 60 + -33 + (-8 - -1) + -13?
-38
Calculate 4 - (-54 + 59 + (-2 - -5 - -87)).
-91
Calculate -48 - 0 - (1 - 37 - (2829 + -2862)).
-45
What is 114 - 126 - (0 - 14) - -31?
33
What is -9 + 3 + 205 + -151 - (-1 - -17)?
32
Calculate -27 + 40 + (3 + 2 - (6 + -2)) + -25.
-11
40 + -6 - 21 - -5 - -106
124
What is 31 - (23 - -20) - (-3 + -6 + -96)?
93
Calculate (-29 - (-39 + 24)) + -1 + 21 - 7.
-1
Calculate 57 + (-51 - -2) - (-49 - (-8 + 3)).
52
What is -71 + (-16 - -118) + 88?
119
What is the value of (-99 - (66 + -109)) + 8 + -46?
-94
What is the value of (20 - 11) + 26 + -40 + -32?
-37
What is the value of -10 - (5 - (7 + (6 - (6 - 4)) + -6))?
-10
Calculate -7 + 47 - (45 + 0).
-5
What is the value of 11 + -7 + 98 + -9 + 9 + 5 - 1?
106
94 - 130 - (1 + -110)
73
Calculate 31 + -49 + 31 - 12.
1
Evaluate -20 - ((2 + -19 - -31) + 4).
-38
Calculate (-23 - 18) + 44 + 35.
38
What is the value of -16 + 16 - (-16 - ((6 - 3) + (-5 - 1)))?
13
88 - (49 - (24 + 36 + -38))
61
Evaluate (-487 + 892 - 329) + (-23 - (-1 + 0)).
54
What is -17 + 1 + 1 + -5 + 20 - (-14 - -1)?
13
Evaluate 14 + (11 - 30) + 31 - 114.
-88
What is 29 + (-46 - (30 - 45))?
-2
(4 - 35) + 23 + -5 + -5
-18
What is the value of -34 + 62 - (2 - -10)?
16
Calculate 0 + -5 + (-134 - -195) + -74.
-18
(27 - (-6 + -3 + 4 + -2)) + (2 - -8)
44
-280 + 293 - (82 - (-7 - -4) - -6)
-78
-61 + (-8 - (30 - 55)) + 6
-38
Evaluate 175 - (-1 - -86) - 7.
83
What is the value of -6 - -16 - (-23 + -16 + 32 - (0 - -1))?
18
What is 15 - (104 + -38 + 13) - (-11 + -1)?
-52
What is -48 + 7 + -15 + (-32 - -37) + 4?
-47
What is (-7 - -7 - 21) + (22 - -8)?
9
-18 + (1 - -1) + -28 + -180 + 174
-50
20 - ((29 - 17) + 17) - 59
-68
Evaluate (-83 - (29 + -32)) + 51.
-29
9 + (10 + (9 - (-8 - -7)) - 8)
21
What is the value of -8 + 28 + 6 + -31 + -65 + 4?
-66
What is the value of -30 + (-78 - (28 + -53) - -15)?
-68
What is -31 + -25 - (12 - 29)?
-39
(16 - -133) + -161 + -1 + -82
-95
What is -3268 + 3263 + (0 - 5) + -2?
-12
(32 - 1) + -2 + (-6 - 4)
19
What is 13 - (8 - -4 - (-5 + -22) - -14)?
-40
Evaluate -10 + 29 + -19 + (1 - -57) - 9.
49
What is (-1 - -26) + -143 + -83 + 244?
43
Evaluate -48 + (1789 + -1777 - (-1 - (2 + -23) - -1)).
-57
What is the value of 20 + (35 - -8) + -59?
4
What is the value of 508 + -530 + (-34 - (6 + 0))?
-62
What is 54 + -53 - (6 - ((1 - 4) + (-9 - -47)))?
30
Calculate -35 - ((5 - -2) + (-46 - -41)).
-37
What is (36 + -31 - 23) + 7 + -16?
-27
-79 + 69 - (2 - 25) - -21
34
7 + 3 + -13 + -2 + (-6 + 12 - -62)
63
-79 - (-194 + (28 - -53))
34
What is the value of (142 - 83) + (10 + 1 - (-5 + 7) - 5)?
63
Evaluate -17 + 29 + (-17 - -5).
0
(-2 - -6 - (-2 - (-16 - -12))) + 7 - -19
28
What is (-27 - (-29 - -13)) + 0 + -2 + 4 + 1?
-8
Calculate (-4 + -5 - 5) + (-43 - (26 - 51)).
-32
What is the value of -20 - ((3 - 5) + 14 